 the prime factors of 21158682.
2, 3, 89, 39623
What are the prime factors of 4697783?
139, 33797
List the prime factors of 109715.
5, 21943
What are the prime factors of 148870?
2, 5, 14887
List the prime factors of 2529076.
2, 11, 229, 251
What are the prime factors of 2425135?
5, 17, 103, 277
What are the prime factors of 20733637?
29, 31, 23063
What are the prime factors of 6896336?
2, 431021
List the prime factors of 391094.
2, 11, 29, 613
List the prime factors of 358604.
2, 37, 2423
What are the prime factors of 797904?
2, 3, 1847
List the prime factors of 447009.
3, 109, 1367
What are the prime factors of 472963?
472963
List the prime factors of 2466658.
2, 23, 53623
List the prime factors of 294351.
3, 59, 1663
List the prime factors of 856589.
23, 37243
What are the prime factors of 1493125?
5, 2389
What are the prime factors of 257835?
3, 5, 17189
List the prime factors of 450192.
2, 3, 83, 113
List the prime factors of 668862.
2, 3, 37159
What are the prime factors of 1176599?
1176599
List the prime factors of 1215723.
3, 405241
What are the prime factors of 216537?
3, 89, 811
What are the prime factors of 1224416?
2, 83, 461
What are the prime factors of 14391624?
2, 3, 13, 193, 239
List the prime factors of 1674594.
2, 3, 10337
What are the prime factors of 24122501?
13, 1855577
What are the prime factors of 410806?
2, 11, 71, 263
What are the prime factors of 135745?
5, 17, 1597
What are the prime factors of 792059?
37, 21407
What are the prime factors of 94994?
2, 47497
List the prime factors of 2984733.
3, 23, 14419
List the prime factors of 14937453.
3, 61471
What are the prime factors of 1264819?
1264819
What are the prime factors of 17455770?
2, 3, 5, 17, 3803
What are the prime factors of 4549?
4549
What are the prime factors of 2129314?
2, 11, 96787
List the prime factors of 28640061.
3, 47, 7523
List the prime factors of 117787.
117787
What are the prime factors of 5971776?
2, 3, 19, 1637
What are the prime factors of 228649?
373, 613
What are the prime factors of 2598631?
7, 371233
What are the prime factors of 273160?
2, 5, 6829
List the prime factors of 2482988.
2, 23, 137, 197
What are the prime factors of 20037?
3, 6679
List the prime factors of 44969.
193, 233
List the prime factors of 6542659.
127, 51517
What are the prime factors of 9641049?
3, 11, 463, 631
What are the prime factors of 15287?
15287
What are the prime factors of 106475?
5, 4259
List the prime factors of 26596765.
5, 13, 373, 1097
List the prime factors of 1186282.
2, 593141
What are the prime factors of 4699101?
3, 11, 131, 1087
What are the prime factors of 576697?
11, 103, 509
List the prime factors of 3078820.
2, 5, 153941
What are the prime factors of 289985?
5, 59, 983
List the prime factors of 965155.
5, 193031
What are the prime factors of 28873439?
7, 4124777
List the prime factors of 430330.
2, 5, 23, 1871
What are the prime factors of 2516890?
2, 5, 23, 31, 353
What are the prime factors of 309622?
2, 149, 1039
List the prime factors of 5799699.
3, 644411
What are the prime factors of 1093929?
3, 364643
List the prime factors of 8973714.
2, 3, 449, 3331
List the prime factors of 537694.
2, 23, 11689
List the prime factors of 277689.
3, 151, 613
List the prime factors of 182560.
2, 5, 7, 163
What are the prime factors of 95014?
2, 47507
List the prime factors of 1711382.
2, 577, 1483
What are the prime factors of 67915?
5, 17, 47
What are the prime factors of 1493650?
2, 5, 29873
What are the prime factors of 74888?
2, 11, 23, 37
List the prime factors of 1932522.
2, 3, 137, 2351
List the prime factors of 252335.
5, 109, 463
List the prime factors of 1365248.
2, 5333
What are the prime factors of 4545146?
2, 67, 107, 317
List the prime factors of 206392.
2, 25799
What are the prime factors of 24680101?
379, 65119
List the prime factors of 520424.
2, 65053
List the prime factors of 951013.
7, 135859
What are the prime factors of 388212?
2, 3, 11, 17, 173
List the prime factors of 1147132.
2, 7, 53, 773
List the prime factors of 1226191.
1226191
List the prime factors of 2405006.
2, 257, 4679
What are the prime factors of 68690?
2, 5, 6869
What are the prime factors of 415820?
2, 5, 17, 1223
List the prime factors of 699147.
3, 131, 593
List the prime factors of 416327.
457, 911
What are the prime factors of 4218353?
4218353
What are the prime factors of 10382495?
5, 17, 122147
What are the prime factors of 1352897?
7, 13, 14867
List the prime factors of 835929.
3, 293, 317
What are the prime factors of 1157035?
5, 11, 109, 193
What are the prime factors of 1619428?
2, 61, 6637
List the prime factors of 11212222.
2, 7, 800873
What are the prime factors of 985851?
3, 4057
List the prime factors of 655522.
2, 7, 6689
List the prime factors of 278651.
278651
List the prime factors of 32674715.
5, 6534943
List the prime factors of 1152155.
5, 230431
List the prime factors of 764409.
3, 254803
List the prime factors of 81302.
2, 13, 53, 59
What are the prime factors of 35720561?
79, 452159
List the prime factors of 129083.
129083
List the prime factors of 734830.
2, 5, 73483
What are the prime factors of 168979?
37, 4567
List the prime factors of 9109430.
2, 5, 11, 82813
What are the prime factors of 107681?
7, 15383
What are the prime factors of 1252623?
3, 417541
What are the prime factors of 1679210?
2, 5, 13, 12917
List the prime factors of 74913.
3, 24971
What are the prime factors of 142143?
3, 47381
List the prime factors of 26222845.
5, 11, 59, 8081
What are the prime factors of 267949?
11, 24359
What are the prime factors of 1077399?
3, 59, 2029
List the prime factors of 37858.
2, 23, 823
What are the prime factors of 18150959?
557, 32587
List the prime factors of 21712829.
1579, 13751
List the prime factors of 1607732.
2, 7, 67, 857
What are the prime factors of 189628?
2, 47407
What are the prime factors of 20461?
7, 37, 79
List the prime factors of 300966.
2, 3, 103, 487
What are the prime factors of 57958?
2, 28979
What are the prime factors of 20236549?
73, 277213
List the prime factors of 1580587.
29, 54503
What are the prime factors of 1153885?
5, 89, 2593
What are the prime factors of 1845160?
2, 5, 163, 283
What are the prime factors of 6501001?
13, 41, 12197
What are the prime factors of 180412?
2, 23, 37, 53
List the prime factors of 993077.
71, 197
List the prime factors of 7171641.
3, 796849
List the prime factors of 6428231.
113, 163, 349
What are the prime factors of 16445371?
83, 347, 571
What are the prime factors of 1131712?
2, 17683
List the prime factors of 670757.
19, 43, 821
What are the prime factors of 303497?
303497
List the prime factors of 3367302.
2, 3, 53, 10589
What are the prime factors of 4488?
2, 3, 11, 17
List the prime factors of 134042.
2, 67021
List the prime factors of 6817791.
3, 2272597
List the prime factors of 11908209.
3, 1609, 2467
What are the prime factors of 1270572?
2, 3, 113, 937
What are the prime factors of 129607?
129607
List the prime factors of 129626.
2, 7, 47, 197
List the prime factors of 100005.
3, 5, 59, 113
List the prime factors of 127031.
127031
What are the prime factors of 543643?
17, 113, 283
List the prime factors of 9436537.
11, 857867
List the prime factors of 5224112.
2, 79, 4133
List the prime factors of 8537582.
2, 4268791
What are the prime factors of 1232049?
3, 7, 13, 4513
What are the prime factors of 439216?
2, 97, 283
What are the prime factors of 11757596?
2, 2939399
List the prime factors of 149133.
3, 49711
What are the prime factors of 2562507?
3, 284723
List the prime factors of 283030.
2, 5, 11, 31, 83
List the prime factors of 1579511.
1579511
List the prime factors of 23651245.
5, 23, 205663
List the prime factors of 669493.
11, 503
List the prime factors of 102373.
23, 4451
List the prime factors of 964900.
2, 5, 9649
What are the prime factors of 5646830?
2, 5, 7, 80669
List the prime factors of 1157875.
5, 59, 157
List the prime factors of 5900864.
2, 137, 673
What are the prime factors of 1185208?
2, 148151
What are the prime factors of 99576?
2, 3, 461
List the prime factors of 995343.
3, 331781
List the prime factors of 11834601.
3, 17, 232051
What are the prime factors of 347829?
3, 23, 71
List the prime factors of 19748438.
2, 43, 277, 829